{"id":6596,"date":"2022-02-10T11:00:52","date_gmt":"2022-02-10T08:00:52","guid":{"rendered":"https:\/\/www.artealpan.com\/?page_id=6596"},"modified":"2022-02-10T14:19:29","modified_gmt":"2022-02-10T11:19:29","slug":"weidmuller","status":"publish","type":"page","link":"https:\/\/www.artealpan.com\/index.php\/urunlerimiz\/weidmuller\/","title":{"rendered":"WEIDMULLER"},"content":{"rendered":"<div class=\"pt-cv-wrapper\"><div class=\"pt-cv-view pt-cv-grid pt-cv-colsys\" id=\"pt-cv-view-5c1c63emnw\"><div data-id=\"pt-cv-page-1\" class=\"pt-cv-page\" data-cvc=\"4\"><div class=\"col-md-3 col-sm-6 col-xs-12 pt-cv-content-item pt-cv-1-col\"  data-pid=\"6393\"><div class='pt-cv-ifield'><a href=\"https:\/\/www.artealpan.com\/index.php\/2022\/02\/09\/sistemli-markalama\/\" class=\"_self pt-cv-href-thumbnail pt-cv-thumb-default cvplbd cvp-responsive-image img-thumbnail\" target=\"_self\" data-iw=\"300\" data-ih=\"300\"><img width=\"300\" height=\"107\" src=\"https:\/\/www.artealpan.com\/wp-content\/uploads\/2022\/02\/Markierer_PO_Overview_S2_PJA_2_704x250-300x107.jpg\" class=\"pt-cv-thumbnail img-thumbnail no-lazyload \" alt=\"Sistemli Markalama\" srcset=\"https:\/\/www.artealpan.com\/wp-content\/uploads\/2022\/02\/Markierer_PO_Overview_S2_PJA_2_704x250-300x107.jpg 300w, https:\/\/www.artealpan.com\/wp-content\/uploads\/2022\/02\/Markierer_PO_Overview_S2_PJA_2_704x250-600x213.jpg 600w, https:\/\/www.artealpan.com\/wp-content\/uploads\/2022\/02\/Markierer_PO_Overview_S2_PJA_2_704x250.jpg 704w\" sizes=\"(max-width: 300px) 100vw, 300px\" \/><\/a>\n<h4 class=\"pt-cv-title\"><a href=\"https:\/\/www.artealpan.com\/index.php\/2022\/02\/09\/sistemli-markalama\/\" class=\"_self cvplbd\" target=\"_self\" data-iw=\"300\" data-ih=\"300\">Sistemli Markalama<\/a><\/h4><\/div><\/div>\n<div class=\"col-md-3 col-sm-6 col-xs-12 pt-cv-content-item pt-cv-1-col\"  data-pid=\"6257\"><div class='pt-cv-ifield'><a href=\"https:\/\/www.artealpan.com\/index.php\/2022\/02\/09\/weidmuller-remote-i-o\/\" class=\"_self pt-cv-href-thumbnail pt-cv-thumb-default cvplbd cvp-responsive-image img-thumbnail\" target=\"_self\" data-iw=\"300\" data-ih=\"300\"><img width=\"300\" height=\"277\" src=\"https:\/\/www.artealpan.com\/wp-content\/uploads\/2022\/02\/Remote-300x277.jpg\" class=\"pt-cv-thumbnail img-thumbnail no-lazyload \" alt=\"Remote I\/O\" srcset=\"https:\/\/www.artealpan.com\/wp-content\/uploads\/2022\/02\/Remote-300x277.jpg 300w, https:\/\/www.artealpan.com\/wp-content\/uploads\/2022\/02\/Remote.jpg 423w\" sizes=\"(max-width: 300px) 100vw, 300px\" \/><\/a>\n<h4 class=\"pt-cv-title\"><a href=\"https:\/\/www.artealpan.com\/index.php\/2022\/02\/09\/weidmuller-remote-i-o\/\" class=\"_self cvplbd\" target=\"_self\" data-iw=\"300\" data-ih=\"300\">Remote I\/O<\/a><\/h4><\/div><\/div>\n<div class=\"col-md-3 col-sm-6 col-xs-12 pt-cv-content-item pt-cv-1-col\"  data-pid=\"6252\"><div class='pt-cv-ifield'><a href=\"https:\/\/www.artealpan.com\/index.php\/2022\/02\/09\/weidmuller-analog-sinyal-iyilestirme\/\" class=\"_self pt-cv-href-thumbnail pt-cv-thumb-default cvplbd cvp-responsive-image img-thumbnail\" target=\"_self\" data-iw=\"300\" data-ih=\"300\"><img width=\"300\" height=\"277\" src=\"https:\/\/www.artealpan.com\/wp-content\/uploads\/2022\/02\/sinyal-300x277.jpg\" class=\"pt-cv-thumbnail img-thumbnail no-lazyload \" alt=\"Analog Sinyal \u0130yile\u015ftirme\" srcset=\"https:\/\/www.artealpan.com\/wp-content\/uploads\/2022\/02\/sinyal-300x277.jpg 300w, https:\/\/www.artealpan.com\/wp-content\/uploads\/2022\/02\/sinyal.jpg 423w\" sizes=\"(max-width: 300px) 100vw, 300px\" \/><\/a>\n<h4 class=\"pt-cv-title\"><a href=\"https:\/\/www.artealpan.com\/index.php\/2022\/02\/09\/weidmuller-analog-sinyal-iyilestirme\/\" class=\"_self cvplbd\" target=\"_self\" data-iw=\"300\" data-ih=\"300\">Analog Sinyal \u0130yile\u015ftirme<\/a><\/h4><\/div><\/div>\n<div class=\"col-md-3 col-sm-6 col-xs-12 pt-cv-content-item pt-cv-1-col\"  data-pid=\"6254\"><div class='pt-cv-ifield'><a href=\"https:\/\/www.artealpan.com\/index.php\/2022\/02\/09\/weidmuller-endustriyel-ethernet\/\" class=\"_self pt-cv-href-thumbnail pt-cv-thumb-default cvplbd cvp-responsive-image img-thumbnail\" target=\"_self\" data-iw=\"300\" data-ih=\"300\"><img width=\"300\" height=\"277\" src=\"https:\/\/www.artealpan.com\/wp-content\/uploads\/2022\/02\/Ethernet-300x277.jpg\" class=\"pt-cv-thumbnail img-thumbnail no-lazyload \" alt=\"End\u00fcstriyel Ethernet\" srcset=\"https:\/\/www.artealpan.com\/wp-content\/uploads\/2022\/02\/Ethernet-300x277.jpg 300w, https:\/\/www.artealpan.com\/wp-content\/uploads\/2022\/02\/Ethernet.jpg 423w\" sizes=\"(max-width: 300px) 100vw, 300px\" \/><\/a>\n<h4 class=\"pt-cv-title\"><a href=\"https:\/\/www.artealpan.com\/index.php\/2022\/02\/09\/weidmuller-endustriyel-ethernet\/\" class=\"_self cvplbd\" target=\"_self\" data-iw=\"300\" data-ih=\"300\">End\u00fcstriyel Ethernet<\/a><\/h4><\/div><\/div>\n<div class=\"col-md-3 col-sm-6 col-xs-12 pt-cv-content-item pt-cv-1-col\"  data-pid=\"6256\"><div class='pt-cv-ifield'><a href=\"https:\/\/www.artealpan.com\/index.php\/2022\/02\/09\/weidmuller-olcme-ve-izleme-sistemleri\/\" class=\"_self pt-cv-href-thumbnail pt-cv-thumb-default cvplbd cvp-responsive-image img-thumbnail\" target=\"_self\" data-iw=\"300\" data-ih=\"300\"><img width=\"300\" height=\"277\" src=\"https:\/\/www.artealpan.com\/wp-content\/uploads\/2022\/02\/lme-300x277.jpg\" class=\"pt-cv-thumbnail img-thumbnail no-lazyload \" alt=\"\u00d6l\u00e7me ve \u0130zleme Sistemleri\" srcset=\"https:\/\/www.artealpan.com\/wp-content\/uploads\/2022\/02\/lme-300x277.jpg 300w, https:\/\/www.artealpan.com\/wp-content\/uploads\/2022\/02\/lme.jpg 423w\" sizes=\"(max-width: 300px) 100vw, 300px\" \/><\/a>\n<h4 class=\"pt-cv-title\"><a href=\"https:\/\/www.artealpan.com\/index.php\/2022\/02\/09\/weidmuller-olcme-ve-izleme-sistemleri\/\" class=\"_self cvplbd\" target=\"_self\" data-iw=\"300\" data-ih=\"300\">\u00d6l\u00e7me ve \u0130zleme Sistemleri<\/a><\/h4><\/div><\/div>\n<div class=\"col-md-3 col-sm-6 col-xs-12 pt-cv-content-item pt-cv-1-col\"  data-pid=\"6241\"><div class='pt-cv-ifield'><a href=\"https:\/\/www.artealpan.com\/index.php\/2022\/02\/09\/weidmuller-guc-kaynagi-sistemlerinizi-arizalara-karsi-emniyetli-hale-getirin\/\" class=\"_self pt-cv-href-thumbnail pt-cv-thumb-default cvplbd cvp-responsive-image img-thumbnail\" target=\"_self\" data-iw=\"300\" data-ih=\"300\"><img width=\"300\" height=\"277\" src=\"https:\/\/www.artealpan.com\/wp-content\/uploads\/2022\/02\/Weidmller_1-300x277.jpg\" class=\"pt-cv-thumbnail img-thumbnail no-lazyload \" alt=\"G\u00fc\u00e7 Kayna\u011f\u0131 Sistemleri\" srcset=\"https:\/\/www.artealpan.com\/wp-content\/uploads\/2022\/02\/Weidmller_1-300x277.jpg 300w, https:\/\/www.artealpan.com\/wp-content\/uploads\/2022\/02\/Weidmller_1.jpg 423w\" sizes=\"(max-width: 300px) 100vw, 300px\" \/><\/a>\n<h4 class=\"pt-cv-title\"><a href=\"https:\/\/www.artealpan.com\/index.php\/2022\/02\/09\/weidmuller-guc-kaynagi-sistemlerinizi-arizalara-karsi-emniyetli-hale-getirin\/\" class=\"_self cvplbd\" target=\"_self\" data-iw=\"300\" data-ih=\"300\">G\u00fc\u00e7 Kayna\u011f\u0131 Sistemleri<\/a><\/h4><\/div><\/div>\n<div class=\"col-md-3 col-sm-6 col-xs-12 pt-cv-content-item pt-cv-1-col\"  data-pid=\"6243\"><div class='pt-cv-ifield'><a href=\"https:\/\/www.artealpan.com\/index.php\/2022\/02\/09\/weidmuller-cihaz-baglanti-teknolojisi\/\" class=\"_self pt-cv-href-thumbnail pt-cv-thumb-default cvplbd cvp-responsive-image img-thumbnail\" target=\"_self\" data-iw=\"300\" data-ih=\"300\"><img width=\"300\" height=\"277\" src=\"https:\/\/www.artealpan.com\/wp-content\/uploads\/2022\/02\/Cihaz_balant-300x277.jpg\" class=\"pt-cv-thumbnail img-thumbnail no-lazyload \" alt=\"Cihaz Ba\u011flant\u0131 Teknolojisi\" srcset=\"https:\/\/www.artealpan.com\/wp-content\/uploads\/2022\/02\/Cihaz_balant-300x277.jpg 300w, https:\/\/www.artealpan.com\/wp-content\/uploads\/2022\/02\/Cihaz_balant.jpg 423w\" sizes=\"(max-width: 300px) 100vw, 300px\" \/><\/a>\n<h4 class=\"pt-cv-title\"><a href=\"https:\/\/www.artealpan.com\/index.php\/2022\/02\/09\/weidmuller-cihaz-baglanti-teknolojisi\/\" class=\"_self cvplbd\" target=\"_self\" data-iw=\"300\" data-ih=\"300\">Cihaz Ba\u011flant\u0131 Teknolojisi<\/a><\/h4><\/div><\/div>\n<div class=\"col-md-3 col-sm-6 col-xs-12 pt-cv-content-item pt-cv-1-col\"  data-pid=\"6245\"><div class='pt-cv-ifield'><a href=\"https:\/\/www.artealpan.com\/index.php\/2022\/02\/09\/weidmuller-el-aletleri\/\" class=\"_self pt-cv-href-thumbnail pt-cv-thumb-default cvplbd cvp-responsive-image img-thumbnail\" target=\"_self\" data-iw=\"300\" data-ih=\"300\"><img width=\"300\" height=\"277\" src=\"https:\/\/www.artealpan.com\/wp-content\/uploads\/2022\/02\/El_Aletleri-300x277.jpg\" class=\"pt-cv-thumbnail img-thumbnail no-lazyload \" alt=\"El Aletleri\" srcset=\"https:\/\/www.artealpan.com\/wp-content\/uploads\/2022\/02\/El_Aletleri-300x277.jpg 300w, https:\/\/www.artealpan.com\/wp-content\/uploads\/2022\/02\/El_Aletleri.jpg 423w\" sizes=\"(max-width: 300px) 100vw, 300px\" \/><\/a>\n<h4 class=\"pt-cv-title\"><a href=\"https:\/\/www.artealpan.com\/index.php\/2022\/02\/09\/weidmuller-el-aletleri\/\" class=\"_self cvplbd\" target=\"_self\" data-iw=\"300\" data-ih=\"300\">El Aletleri<\/a><\/h4><\/div><\/div>\n<div class=\"col-md-3 col-sm-6 col-xs-12 pt-cv-content-item pt-cv-1-col\"  data-pid=\"6247\"><div class='pt-cv-ifield'><a href=\"https:\/\/www.artealpan.com\/index.php\/2022\/02\/09\/weidmuller-plc-arayuz-uniteleri\/\" class=\"_self pt-cv-href-thumbnail pt-cv-thumb-default cvplbd cvp-responsive-image img-thumbnail\" target=\"_self\" data-iw=\"300\" data-ih=\"300\"><img width=\"300\" height=\"277\" src=\"https:\/\/www.artealpan.com\/wp-content\/uploads\/2022\/02\/Weidm_Magalog-300x277.jpg\" class=\"pt-cv-thumbnail img-thumbnail no-lazyload \" alt=\"PLC Aray\u00fcz \u00dcniteleri\" srcset=\"https:\/\/www.artealpan.com\/wp-content\/uploads\/2022\/02\/Weidm_Magalog-300x277.jpg 300w, https:\/\/www.artealpan.com\/wp-content\/uploads\/2022\/02\/Weidm_Magalog.jpg 423w\" sizes=\"(max-width: 300px) 100vw, 300px\" \/><\/a>\n<h4 class=\"pt-cv-title\"><a href=\"https:\/\/www.artealpan.com\/index.php\/2022\/02\/09\/weidmuller-plc-arayuz-uniteleri\/\" class=\"_self cvplbd\" target=\"_self\" data-iw=\"300\" data-ih=\"300\">PLC Aray\u00fcz \u00dcniteleri<\/a><\/h4><\/div><\/div>\n<div class=\"col-md-3 col-sm-6 col-xs-12 pt-cv-content-item pt-cv-1-col\"  data-pid=\"6249\"><div class='pt-cv-ifield'><a href=\"https:\/\/www.artealpan.com\/index.php\/2022\/02\/09\/weidmuller-asiri-akim-koruma\/\" class=\"_self pt-cv-href-thumbnail pt-cv-thumb-default cvplbd cvp-responsive-image img-thumbnail\" target=\"_self\" data-iw=\"300\" data-ih=\"300\"><img width=\"300\" height=\"277\" src=\"https:\/\/www.artealpan.com\/wp-content\/uploads\/2022\/02\/akm_koruma-300x277.jpg\" class=\"pt-cv-thumbnail img-thumbnail no-lazyload \" alt=\"A\u015f\u0131r\u0131 Ak\u0131m Koruma\" srcset=\"https:\/\/www.artealpan.com\/wp-content\/uploads\/2022\/02\/akm_koruma-300x277.jpg 300w, https:\/\/www.artealpan.com\/wp-content\/uploads\/2022\/02\/akm_koruma.jpg 423w\" sizes=\"(max-width: 300px) 100vw, 300px\" \/><\/a>\n<h4 class=\"pt-cv-title\"><a href=\"https:\/\/www.artealpan.com\/index.php\/2022\/02\/09\/weidmuller-asiri-akim-koruma\/\" class=\"_self cvplbd\" target=\"_self\" data-iw=\"300\" data-ih=\"300\">A\u015f\u0131r\u0131 Ak\u0131m Koruma<\/a><\/h4><\/div><\/div><\/div><\/div><\/div>\t\t\t<style type=\"text\/css\" id=\"pt-cv-inline-style-35b5886flt\">#pt-cv-view-5c1c63emnw .pt-cv-href-thumbnail  { margin-left: auto !important; margin-right: auto !important; display: block !important; text-align: center !important; clear: both !important; }\n#pt-cv-view-5c1c63emnw .pt-cv-title a, #pt-cv-view-5c1c63emnw  .panel-title { font-weight: 600 !important; display: block !important; text-align: center !important; clear: both !important; }\n#pt-cv-view-5c1c63emnw .pt-cv-carousel-caption  { background-color: rgba(51,51,51,.6) !important; }\n#pt-cv-view-5c1c63emnw .pt-cv-specialp { background-color: #CC3333 !important }\n#pt-cv-view-5c1c63emnw .pt-cv-specialp * { color: #fff !important; }\n#pt-cv-view-5c1c63emnw .pt-cv-pficon  { color: #bbb !important; }\n#pt-cv-view-5c1c63emnw .pt-cv-readmore  { color: #ffffff !important; background-color: #00aeef !important; }\n#pt-cv-view-5c1c63emnw .pt-cv-readmore:hover  { color: #ffffff !important; background-color: #00aeef !important; }\n#pt-cv-view-5c1c63emnw  + .pt-cv-pagination-wrapper .pt-cv-more , #pt-cv-view-5c1c63emnw  + .pt-cv-pagination-wrapper .pagination .active a { color: #ffffff !important; background-color: #00aeef !important; }\n#pt-cv-view-5c1c63emnw .cvp-responsive-image[style*=\"background-image\"] { width: 300px; height: 300px; }<\/style>\r\n\t\t\t\n","protected":false},"excerpt":{"rendered":"","protected":false},"author":1,"featured_media":0,"parent":6578,"menu_order":0,"comment_status":"closed","ping_status":"closed","template":"","meta":[],"_links":{"self":[{"href":"https:\/\/www.artealpan.com\/index.php\/wp-json\/wp\/v2\/pages\/6596"}],"collection":[{"href":"https:\/\/www.artealpan.com\/index.php\/wp-json\/wp\/v2\/pages"}],"about":[{"href":"https:\/\/www.artealpan.com\/index.php\/wp-json\/wp\/v2\/types\/page"}],"author":[{"embeddable":true,"href":"https:\/\/www.artealpan.com\/index.php\/wp-json\/wp\/v2\/users\/1"}],"replies":[{"embeddable":true,"href":"https:\/\/www.artealpan.com\/index.php\/wp-json\/wp\/v2\/comments?post=6596"}],"version-history":[{"count":2,"href":"https:\/\/www.artealpan.com\/index.php\/wp-json\/wp\/v2\/pages\/6596\/revisions"}],"predecessor-version":[{"id":6832,"href":"https:\/\/www.artealpan.com\/index.php\/wp-json\/wp\/v2\/pages\/6596\/revisions\/6832"}],"up":[{"embeddable":true,"href":"https:\/\/www.artealpan.com\/index.php\/wp-json\/wp\/v2\/pages\/6578"}],"wp:attachment":[{"href":"https:\/\/www.artealpan.com\/index.php\/wp-json\/wp\/v2\/media?parent=6596"}],"curies":[{"name":"wp","href":"https:\/\/api.w.org\/{rel}","templated":true}]}}