{"id":6550,"date":"2022-02-10T09:49:57","date_gmt":"2022-02-10T06:49:57","guid":{"rendered":"https:\/\/www.artealpan.com\/index.php\/https-arteotomasyon-com-wp-content-uploads-2019-01-invt-gd20-baglanti-semasi-pdfhttps-arteotomasyon-com-wp-content-uploads-2019-01-invt-gd20-hata-mesajlari-pdfhttps-arteotomasyon-com-wp-conten\/"},"modified":"2022-02-10T15:45:54","modified_gmt":"2022-02-10T12:45:54","slug":"https-arteotomasyon-com-wp-content-uploads-2019-01-invt-gd20-baglanti-semasi-pdfhttps-arteotomasyon-com-wp-content-uploads-2019-01-invt-gd20-hata-mesajlari-pdfhttps-arteotomasyon-com-wp-conten","status":"publish","type":"page","link":"https:\/\/www.artealpan.com\/index.php\/https-arteotomasyon-com-wp-content-uploads-2019-01-invt-gd20-baglanti-semasi-pdfhttps-arteotomasyon-com-wp-content-uploads-2019-01-invt-gd20-hata-mesajlari-pdfhttps-arteotomasyon-com-wp-conten\/","title":{"rendered":"INVT GD20 &#8211; GD100"},"content":{"rendered":"<p><strong>INVT GD20 &#8211; GD100 Dok\u00fcmanlar\u0131<\/strong><\/p>\n<p><strong><a href=\"http:\/\/arteotomasyon.com\/wp-content\/uploads\/2019\/01\/\u0130NVT-GD20-Parametreler.pdf\">\u0130NVT GD20 Parametreler<\/a><\/strong><\/p>\n<p><strong><a href=\"http:\/\/arteotomasyon.com\/wp-content\/uploads\/2019\/01\/\u0130NVT-GD20-Ba\u011flant\u0131-\u015eemas\u0131.pdf\">\u0130NVT GD20 Ba\u011flant\u0131 \u015eemas\u0131<\/a><\/strong><\/p>\n<p><strong><a href=\"http:\/\/arteotomasyon.com\/wp-content\/uploads\/2019\/01\/\u0130NVT-GD20-Hata-Mesajlar\u0131.pdf\">\u0130NVT GD20 Hata Mesajlar\u0131<\/a><\/strong><\/p>\n<p><strong><a href=\"http:\/\/arteotomasyon.com\/wp-content\/uploads\/2019\/01\/\u0130NVT-GD20-Kasa-Boyutlar\u0131.pdf\">\u0130NVT GD20 Kasa Boyutlar\u0131<\/a><\/strong><\/p>\n<p><strong><a href=\"http:\/\/arteotomasyon.com\/wp-content\/uploads\/2019\/01\/\u0130NVT-GD20-Diren\u00e7-De\u011ferleri.pdf\">\u0130NVT GD20 Diren\u00e7 De\u011ferleri<\/a><\/strong><\/p>\n<p><strong><a href=\"http:\/\/arteotomasyon.com\/wp-content\/uploads\/2019\/01\/INVT-GD100-Parametreler-TR.pdf\">INVT GD100 Parametreler TR<\/a><\/strong><\/p>\n<p><strong><a href=\"http:\/\/arteotomasyon.com\/wp-content\/uploads\/2019\/01\/INVT-GD100-Ba\u011flant\u0131-\u015eemas\u0131-TR.pdf\">INVT GD100 Ba\u011flant\u0131 \u015eemas\u0131 TR<\/a> <\/strong><\/p>\n<p><strong><a href=\"http:\/\/arteotomasyon.com\/wp-content\/uploads\/2019\/01\/INVT-GD100-Diren\u00e7-Listesi-TR.pdf\">INVT GD100 Diren\u00e7 De\u011ferleri TR<\/a> <\/strong><\/p>\n<p><strong><a href=\"http:\/\/arteotomasyon.com\/wp-content\/uploads\/2019\/01\/INVT-GD100-Hata-Mesajlar\u0131-TR.pdf\">INVT GD100 Hata Mesajlar\u0131 TR<\/a><\/strong><\/p>\n<p><strong><a href=\"http:\/\/arteotomasyon.com\/wp-content\/uploads\/2019\/01\/INVT-GD100-Kasa-Boyutlar\u0131-TR.pdf\">INVT GD100 Kasa Boyutlar\u0131 TR<\/a><\/strong><\/p>\n<p>&nbsp;<\/p>\n","protected":false},"excerpt":{"rendered":"<p>INVT GD20 &#8211; GD100 Dok\u00fcmanlar\u0131 \u0130NVT GD20 Parametreler \u0130NVT GD20 Ba\u011flant\u0131 \u015eemas\u0131 \u0130NVT GD20 Hata Mesajlar\u0131 \u0130NVT GD20 Kasa Boyutlar\u0131 \u0130NVT GD20 Diren\u00e7 De\u011ferleri INVT GD100 Parametreler TR INVT GD100 Ba\u011flant\u0131 \u015eemas\u0131 TR INVT GD100 Diren\u00e7 De\u011ferleri TR INVT GD100 Hata Mesajlar\u0131 TR INVT GD100 Kasa Boyutlar\u0131 TR &nbsp;<\/p>\n","protected":false},"author":1,"featured_media":6228,"parent":0,"menu_order":0,"comment_status":"closed","ping_status":"closed","template":"","meta":[],"_links":{"self":[{"href":"https:\/\/www.artealpan.com\/index.php\/wp-json\/wp\/v2\/pages\/6550"}],"collection":[{"href":"https:\/\/www.artealpan.com\/index.php\/wp-json\/wp\/v2\/pages"}],"about":[{"href":"https:\/\/www.artealpan.com\/index.php\/wp-json\/wp\/v2\/types\/page"}],"author":[{"embeddable":true,"href":"https:\/\/www.artealpan.com\/index.php\/wp-json\/wp\/v2\/users\/1"}],"replies":[{"embeddable":true,"href":"https:\/\/www.artealpan.com\/index.php\/wp-json\/wp\/v2\/comments?post=6550"}],"version-history":[{"count":1,"href":"https:\/\/www.artealpan.com\/index.php\/wp-json\/wp\/v2\/pages\/6550\/revisions"}],"predecessor-version":[{"id":6684,"href":"https:\/\/www.artealpan.com\/index.php\/wp-json\/wp\/v2\/pages\/6550\/revisions\/6684"}],"wp:featuredmedia":[{"embeddable":true,"href":"https:\/\/www.artealpan.com\/index.php\/wp-json\/wp\/v2\/media\/6228"}],"wp:attachment":[{"href":"https:\/\/www.artealpan.com\/index.php\/wp-json\/wp\/v2\/media?parent=6550"}],"curies":[{"name":"wp","href":"https:\/\/api.w.org\/{rel}","templated":true}]}}